l = 122 - 79. Suppose -l = -5*m + 8*a - 4*a, 5*m - 2*a - 39 = 0. What is the highest common divisor of 7 and m?
7
Let n be (40/3)/(30/45). What is the highest common factor of n and 20?
20
Suppose -3*t + 77 + 7 = 0. Let a(f) = -3*f**3 + 5*f + 4. Let p be a(-3). What is the greatest common factor of t and p?
14
Suppose 0 = -5*i - 2*t - 2*t + 10, -4*t - 20 = 0. Let k be 64 + (0 + 1 - -1). Calculate the highest common divisor of k and i.
6
Let k(n) = -24*n - 28. Let i be k(-7). Calculate the greatest common divisor of 20 and i.
20
Let d(s) = -4*s + 9. Let n be d(-4). Let w = 12 - 7. What is the greatest common factor of w and n?
5
Suppose 5*y + 2*x = 1792, -y = -2*y + 3*x + 372. Suppose 2*h - 6*h = -y. Let k be 2 - (h/(-3) + 2). Calculate the highest common factor of k and 12.
6
Suppose k + 2 - 7 = 0. Suppose -k*z + 60 = 5*f, 5*f - z - 100 = 4*z. Calculate the highest common divisor of 4 and f.
4
Suppose -3*f + f - 2 = 0. Let c(i) = 2*i - i - 8*i - 1. Let z be c(f). What is the highest common divisor of z and 30?
6
Let i(q) = -q - 6. Let h be i(-5). Let f be h - (0 - 0) - -25. Calculate the highest common divisor of f and 16.
8
Let u be (-1)/(-4) - 71/(-4). Suppose -m - 8 = -5*v - 2, -6 = -2*v. Let a be (m + -21)*18/(-4). What is the highest common divisor of a and u?
18
Let g(a) = 2*a**2 + 4*a - 1. Let t be g(-4). Calculate the greatest common factor of t and 60.
15
Let r be 0/(6/(-6 + 3)). Suppose r = -3*q - 4*i + 298, -q = 2*i - 3*i - 97. What is the highest common factor of 14 and q?
14
Let o be -15*(-3 + (0 - -2)). What is the highest common factor of 135 and o?
15
Suppose 0 = 3*a + 2*x - 710, 1195 = 5*a - 2*x + 3*x. Calculate the greatest common divisor of 30 and a.
30
Let z be (-2)/(1*-2) + 7. Let x be (-5)/15 + 26/6. Suppose -5*c - 121 = 5*b - 561, 2*c - x*b = 176. What is the greatest common divisor of z and c?
8
Suppose 0*b - 25 = -5*b. Suppose 4*t + 3 = -b, -3*d = t - 25. Let v = 0 + d. What is the highest common divisor of v and 27?
9
Let j = -30 - -13. Let n be (-3)/(2/(j - -3)). Let x = 10 + -3. What is the greatest common factor of n and x?
7
Let a = -5 - -8. Let j be a*(-6)/9 + -1. Let m be (-15)/(j/(-1 - -4)). Calculate the greatest common factor of m and 60.
15
Let n(u) = -u**2 - 32*u + 47. Let y be n(-32). What is the highest common factor of y and 329?
47
Let c be -2*6/4 - -48. What is the greatest common factor of c and 60?
15
Suppose 4*n + 30 = 5*c + n, 2*c - 5*n - 12 = 0. Suppose 4*d - c*d + 42 = 0. Calculate the highest common divisor of d and 14.
7
Suppose -5*t = 5*d - 30, 3*d + t = 6 + 10. Suppose -2*q = 2*q - 5*u - 25, -2*q - d*u + 35 = 0. What is the highest common factor of 90 and q?
10
Let t be 92 + (-20 + 5)/3. What is the greatest common divisor of 116 and t?
29
Let a = 14 + -7. Suppose -2*c = 3*g - 21, 0 = -3*g + 3*c + c + 21. What is the greatest common factor of a and g?
7
Let t be (10 + -12)*(-2)/4. Calculate the highest common factor of t and 8.
1
Let y = 15 - 11. Suppose 4*v + 497 = -h, 2*v - 2*h + 245 = h. Let q be y/(-10) + v/(-10). Calculate the greatest common divisor of 132 and q.
12
Let j be 2/(-10) - (-16)/5. Suppose 0 = -j*l + 6 + 60. Calculate the highest common factor of l and 2.
2
Suppose -3*f - j = -4*f + 11, -8 = 2*j. What is the greatest common factor of 35 and f?
7
Let h = 13 - 51. Let a = h - -77. Let n = -12 + a. Calculate the highest common factor of 18 and n.
9
Suppose 0 = -3*y - 8 - 322. Suppose 261 + 79 = 2*n. Let t = y + n. What is the highest common divisor of t and 12?
12
Let m be 106/13 - 20/130. What is the highest common divisor of m and 56?
8
Let z(b) = 2*b**3 - 15*b**2 - 7*b + 14. Let t be z(8). Calculate the highest common divisor of 165 and t.
11
Suppose -17*s = -0*s - 119. Let w(b) = -17*b + 2. Let v be w(-4). Calculate the greatest common factor of v and s.
7
Suppose 2*o - 5*c = 9, 2*c - 3 = 3. What is the highest common divisor of o and 8?
4
Let x = 12 + -22. Let g = x - -17. Suppose -3*k + 5*c = 2, 3 = c + 2*c. What is the highest common factor of k and g?
1
Let p be (-3 - -2)/((-4)/4). Calculate the greatest common factor of 11 and p.
1
Suppose 260 = 5*i - 3*i. Let h = i + -88. Calculate the greatest common factor of h and 14.
14
Let t = -7 - -19. Calculate the highest common divisor of 2 and t.
2
Suppose 0 = 4*d - 3*i - 892, -1088 = -5*d - 4*i + i. Calculate the greatest common divisor of 20 and d.
20
Let k = 2 - -3. Let l = -47 - -67. What is the greatest common divisor of k and l?
5
Suppose z = 141 + 288. Calculate the highest common factor of z and 39.
39
Let m = 8 - 4. Suppose 200 = 8*a - m*a. What is the highest common factor of 10 and a?
10
Let s be 3 + -1 - (-5 - -1). Suppose c - 2*c = -s. What is the highest common factor of 30 and c?
6
Let n = -40 - -56. Let u be 1/(-3) + 8/6. Let w be u/(-2)*-2 + 3. What is the highest common factor of w and n?
4
Let q be ((-18)/24)/((-2)/(-72)). Let l = -19 - q. Calculate the greatest common factor of 8 and l.
8
Suppose 2*z + a - 11 = 0, 5*z - 4*a - 5 = 29. Calculate the highest common factor of z and 30.
6
Suppose 0 = -3*u + 6*u - 99. Calculate the highest common divisor of 3 and u.
3
Let w(r) = 54*r + 2. Let u = 28 + -26. Let d be w(u). Calculate the greatest common factor of 22 and d.
22
Let z = 4 + -2. Suppose 0 = z*o + 10, -25 = 2*f + 5*o. Suppose f = -3*m + 19 + 56. Calculate the greatest common divisor of m and 10.
5
Suppose 4*y - 16 = 0, 3*a = 3*y - y + 292. Calculate the greatest common factor of a and 20.
20
Let j be 0/(-5)*(-2)/4. Let p be 2 + (j - 0) + 0. What is the greatest common divisor of p and 6?
2
Suppose 2*r + 5*y - 9 = 0, y + 4 = 3*r - 1. Suppose 4*j = r*d + d - 68, j = 4*d - 69. What is the greatest common divisor of d and 8?
8
Suppose -z - z - b + 19 = 0, -b + 3 = 0. Let q(x) = 5*x + 8. Let k be q(z). Calculate the highest common factor of k and 32.
16
Let p(v) = v**2 + 12*v + 2. Let a be p(-12). Suppose 4*i = 6*i - a. Calculate the highest common divisor of i and 3.
1
Let z be 94/4 - 2/(-4). Suppose n + 2*n - z = 0. Calculate the highest common divisor of 72 and n.
8
Let i = -6 + 5. Let u = 7 + i. Calculate the greatest common factor of u and 42.
6
Suppose -3*b - x - x - 40 = 0, -5*b - 96 = -4*x. Let h be 3/(-4) + 4/b. Let m be 6/(((-9)/48)/h). What is the greatest common factor of 4 and m?
4
Let r be 6 - 0/(-2) - -2. Suppose a + a - r = 0. What is the highest common divisor of 36 and a?
4
Let p(a) = 7*a**2 - a + 1. Let n be p(1). Suppose 0 = -n*k + 2*k + 50. What is the highest common divisor of k and 2?
2
Suppose 0 = 3*q - 4*m + 31, 2*q = -3*q + 2*m - 47. Let a = q + 15. What is the greatest common factor of 24 and a?
6
Let o be (16/3 - 0)*18. Let u be ((-112)/20)/((-2)/5). Suppose 50 = 3*c + u. What is the greatest common divisor of c and o?
12
Suppose -8*d + 4*d - 5*j = -10, -j - 7 = -d. Let l = d - 5. Suppose -2*u + u = -4*m + 27, l = m - 4*u - 18. Calculate the greatest common divisor of m and 54.
6
Suppose -23 = -5*v - 2*h, -2*h = 3*v - 3*h - 5. Calculate the greatest common factor of 27 and v.
3
Suppose 5*y - 7 - 23 = 0. What is the greatest common factor of 6 and y?
6
Let d(l) = -l**3 - 15*l**2 + 14*l - 27. Let f be d(-16). Suppose -j - 4*r + 45 = -2*r, 5*j = 5*r + 300. Calculate the highest common divisor of f and j.
5
Let m(a) = 2*a - 7. Let x be m(8). Let i(c) = c + c**3 + 4*c**2 - 3*c**2 - 2*c**2. Let u be i(1). Calculate the greatest common divisor of u and x.
1
Let j be 23 - (-7 - 3/(-1)). Calculate the greatest common divisor of j and 243.
27
Suppose -h + 4*q + 88 = 2*q, 0 = -4*h - 2*q + 312. What is the highest common factor of h and 20?
20
Suppose 12 = 3*q - 3*w - 0, q = -5*w + 16. Suppose 5*b - 46 - 7 = -u, 0 = -b + 1. Calculate the highest common divisor of q and u.
6
Let z = 86 + -54. Suppose 0 = -2*k + z - 2. Calculate the highest common factor of 120 and k.
15
Suppose -3*f - 36 = f. Let p be (32 - 2)*(-3)/f. What is the greatest common divisor of p and 50?
10
Let i = 3 - 3. Let f = 2 - i. Suppose 2 = -3*m + 17, f*u + m = 89. Calculate the highest common factor of u and 14.
14
Let f(u) = 59*u - 6. Let w be f(3). Suppose -3*c = 51 - w. Calculate the greatest common factor of c and 60.
20
Let l = 11 + 27. Let g be (-2 - -4)/((-4)/(-114)). Calculate the greatest common factor of l 